ctors of a?
2, 79
Let k be ((-3)/(-9))/((-1)/(-18)). Suppose 4 = -k*l + 16. Suppose -5*w = i - 74, -i + 235 = l*i + 2*w. What are the prime factors of i?
79
Let n = -511 + 541. Suppose n*z + 4609 = 16129. List the prime factors of z.
2, 3
Let i(t) = 3*t + 6. Let c be i(-1). Suppose -13*q + c*q - 6790 = 0. Let w = -419 - q. List the prime factors of w.
2, 5, 13
Suppose 12*g + 242080 = 4*l + 8*g, -50*l + g = -3025804. What are the prime factors of l?
2, 3, 41
Let d be -4*(-30)/4*10/12. What are the prime factors of -81*(d/15 + -4)?
3, 7
Let s(l) = -6*l**2 - 8*l - 22. Let z be s(-5). List the prime factors of (-72)/16*z/2.
3, 11
Let n = 167 + -597. Let x = n - -199. Let l = -29 - x. What are the prime factors of l?
2, 101
Let h(t) = 21*t**2 - 3*t - 4. Suppose -7 - 3 = 5*n, -4*n - 13 = 5*j. Let b be h(j). What are the prime factors of (-561)/(-12) - (-5)/b?
47
Suppose -57*z + 1176757 = -220712. What are the prime factors of z?
24517
Suppose 0 = -3*k - 4*s + 49, -s + 10 - 9 = 0. Suppose -18*h + 5233 = -k*h + 5*j, 4*h = j + 6962. List the prime factors of h.
1741
Let b = -105 - -220. Let k = -97 + b. What are the prime factors of k?
2, 3
Suppose 221 = 16*r - 3*r. Let c(p) = -r + 26*p + 12 - 12. List the prime factors of c(9).
7, 31
Suppose 25*g = -4*g + 28130. Suppose 779 = f - g. List the prime factors of f.
3, 11, 53
Let z = 257 + -155. Let y = -91 + z. List the prime factors of y.
11
Suppose -v + 88 = -5*b, 0*b = -2*v - 2*b + 116. Let k = -54 + v. Suppose 1110 = k*s - 3*s. List the prime factors of s.
5, 37
Let n = 14 + -8. Let m(i) = 2*i**3 + 41*i**2 + 21*i + 17. Let g be m(-20). What are the prime factors of (n/3 - -6)*(g - -7)?
2
Suppose -12*g = -142828 + 44476. Suppose -5*r - 2*l - 4318 = -12510, -5*r - l = -g. What are the prime factors of r?
2, 5, 41
List the prime factors of (-120726)/(-66) + (540/(-1881) - (-4)/38).
31, 59
Let y = 24 - 12. Suppose -13*g = -y*g - 18. Let u = g + 183. What are the prime factors of u?
3, 67
Let g(p) be the first derivative of 101*p**2/2 + 13*p - 9. Let y be g(-2). Let l = 294 + y. What are the prime factors of l?
3, 5, 7
Let a(j) = -j**2 + 13*j + 52. Let d be a(16). Suppose 0 = -d*q + 8, l + 3*q - 523 - 1237 = 0. List the prime factors of l.
2, 877
Let b = -15962 + 17075. What are the prime factors of b?
3, 7, 53
Let d = 12 + -51. Let y = 35 + d. Let l = y - -56. What are the prime factors of l?
2, 13
Let p = -18 - -23. Suppose 2*y + y + 3*j + 150 = 0, -5*y - 240 = -p*j. Let d = 52 + y. List the prime factors of d.
3
Let r = 2 - -18. Suppose -3*q = -r + 5. Suppose l = q*l - 444. List the prime factors of l.
3, 37
Suppose 4*u - 2630 = -u. Let i = -26 + u. Suppose -3*d = -5*s + 505, -4*d - i = -2*s - 3*s. What are the prime factors of s?
2, 13
Suppose d + 5*g = 16884, -5*d + 5*g + 84399 = 9*g. List the prime factors of d.
16879
Suppose 606551 = 162*s - 5449009. What are the prime factors of s?
2, 3, 5, 7, 89
Let t be (-2)/(-2)*(11 + -4 - 247). Let j = t + 408. List the prime factors of j.
2, 3, 7
Suppose -29575 = -5*o + q, 2*o - 2*q - 11830 = -6*q. What are the prime factors of o?
5, 7, 13
Let b(j) = -j**3 + 15*j**2 + 19*j - 40. Suppose 5*l = -5*d + 70, -5*d + 67 = 4*l - 5. Let f be b(d). List the prime factors of (-2)/(-4) - (-1604)/f.
3, 67
Suppose s - 5*i = -2*s + 1141, -s = 5*i - 387. List the prime factors of s.
2, 191
Suppose 0 = 3*v + 9, 3*h - 4*v = -9*v + 432. Let b = h + -57. What are the prime factors of b*1 - (4 - 3)?
7, 13
Let p(r) = 2*r**2 - 7*r + 5. Suppose 2*y + 0*y - 10 = 2*c, 0 = -5*y - 3*c - 15. Suppose y*i + 80 = 10*i. What are the prime factors of p(i)?
7, 11
Let p(g) = 6*g + 52. Let s be p(0). Suppose 2*l - 133 = -5*o, -7*l + 5*l + s = 2*o. What are the prime factors of o?
3
What are the prime factors of ((-3)/(-6))/(47263/126024 - 51/136)?
3, 59, 89
Let i = 62100 - -35627. What are the prime factors of i?
7, 23, 607
What are the prime factors of (1/5 + 0 - 817/(-215)) + 29617?
19, 1559
Let v = 146 + -153. Let p(f) = -145*f - 12. List the prime factors of p(v).
17, 59
Suppose -17512 = -4*j - 4*i, 2311 = j - 3*i - 2071. Suppose 5*z - w = 5257, -4*z = 2*w + 179 - j. List the prime factors of z.
1051
Let h be ((-2)/(-8)*3)/(69/920). Let x(k) = -k**3 + 12*k**2 + 7*k + 87. What are the prime factors of x(h)?
3, 7, 17
Suppose 2*n + 2*n = -0*n. Suppose -w - 55 = -n*p - 2*p, 2*p - 3*w = 57. Suppose -4*x - p = -579. List the prime factors of x.
2, 3, 23
What are the prime factors of (((-4)/(-30))/((-31)/93))/(3/(-40905))?
2, 3, 101
Let u = 717 - -1487. List the prime factors of u.
2, 19, 29
Let y = -1488 + 2618. Suppose 365 - y = -5*m. What are the prime factors of m?
3, 17
Let y be 1/((10/592)/5). Suppose -464 = -5*x + 4*i, x + 2*i = -2*x + y. What are the prime factors of x?
2, 3
Suppose 15*y + 1008 = 3*n + 16*y, 0 = 2*n + 5*y - 672. Suppose 8*v + n = 10*v. What are the prime factors of v?
2, 3, 7
Suppose -3*z - 816 + 4518 = 0. Suppose 0 = -4*g + 57*t - 59*t + z, -1540 = -5*g - 2*t. List the prime factors of g.
2, 3, 17
Suppose 0 = 20*u - 418930 - 333190. What are the prime factors of u?
2, 18803
Let q(y) be the third derivative of 5*y**6/144 + y**5/120 - y**4/6 - 19*y**2. Let h(p) be the second derivative of q(p). List the prime factors of h(2).
3, 17
Suppose m - 144 = -3*p, -2*p = 3*m - 63 - 33. Suppose -110 = 4*a + a. Let v = p + a. List the prime factors of v.
2, 13
List the prime factors of -10 + 2861 + 7 + 2.
2, 5, 11, 13
Let a(j) = j**3 - 13*j**2 - 23*j - 52. Let b be a(15). Let x = 16 + b. List the prime factors of x.
3, 23
Let j = 649 + 5289. What are the prime factors of j?
2, 2969
Let l be 17014/141 + 4/3. Suppose 0*k = 5*i + 3*k - 610, 0 = -i - 2*k + l. List the prime factors of i.
2, 61
Let y = 4815 + 9120. Suppose -4098 = 9*z - y. What are the prime factors of z?
1093
Let m = -71 + 114. Let p = -38 + m. Suppose -5*f - 91 = 2*w - 5*w, -2*w + p*f + 64 = 0. List the prime factors of w.
3
Let k = 0 + 5. Let m(d) = 15*d - 74. Let s be m(8). Suppose 0 = k*w + 16 - s. List the prime factors of w.
2, 3
Suppose -5 = z, 5*q + 5*z + 643 = 1983. List the prime factors of q.
3, 7, 13
Suppose -3*m = 4*v - 13112, 0 = 4*m + 9*v - 13*v - 17520. What are the prime factors of m?
2, 547
Suppose 156*w + 159080 = 160*w - 2*g, -w = 4*g - 39761. List the prime factors of w.
39769
Let h(l) = 41*l + 397. Let i be h(-11). List the prime factors of (-18)/i + 3773/3.
2, 17, 37
Suppose -18 = -115*k + 109*k. Suppose -3*y + k*r = -342 - 2364, 0 = -5*y + 2*r + 4516. What are the prime factors of y?
2, 113
Suppose -652*t = -q - 657*t + 15389, 5*q - 76763 = t. List the prime factors of q.
2, 3, 853
Suppose 4*d - 25 = -9. Suppose -3*a = d*n + 7, -3*a + 4*n + 41 - 16 = 0. What are the prime factors of 6/2 - (-282)/(a/1)?
97
Let i(z) = -1702*z + 943. Let g(f) = -92*f + 51. Let j(n) = -92*g(n) + 5*i(n). Let h be j(4). Let x = -62 - h. List the prime factors of x.
3, 11
Suppose -g - 5*n + 19 = 0, -2*n = -5*g + 172 - 23. Suppose 25*z + 1776 = g*z. What are the prime factors of z?
2, 3, 37
Let f be 12/(-138) - (-4)/46 - -3151. Let y = -1755 + f. What are the prime factors of y?
2, 349
Suppose -4*b + o + 13351 = 0, -4*o = 13 - 17. List the prime factors of b.
2, 1669
Suppose 424929 = 5*j + r, 176*j - 179*j + 254973 = -2*r. What are the prime factors of j?
3, 7, 19, 71
Suppose -4*o = 5*y - 951, 3*y - 366 = y + 2*o. Let u = 518 - y. List the prime factors of u.
331
Let i(s) = 7*s - 59. Let l(d) = -d**3 - 7*d**2 - 7*d - 4. Let b be l(-6). Let x(m) = -4*m + 29. Let o(k) = b*i(k) + 5*x(k). List the prime factors of o(-7).
3, 23
Suppose 6*i - 14*i = -24. Suppose -i*d - 106 = -100. What are the prime factors of (3 + d - -97) + 10 + -9?
3, 11
Let h(g) = -29*g - 140. Let d be h(-5). Let t(m) be the first derivative of 19*m**2/2 - 12*m - 6. List the prime factors of t(d).
83
Let s = 37 + -56. Let z(h) = h**3 + 19*h**2 + 2*h + 40. Let o be z(s). Suppose -20 - 134 = -o*i. What are the prime factors of i?
7, 11
Suppose -53 = -21*i + 73. What are the prime factors of 414/4*4/i?
3, 23
Let f be (-190)/(-45) + (-4)/18. Suppose -f*t - 4*y - 60 = 0, -t + 2*y - 61 = 4*t. Let w(m) = -m**3 - 12*m**2 + 8*m - 1. What are the prime factors of w(t)?
2
Let w(m) = 11*m**2 + 4*m + 7815. List the prime factors of w(0).
3, 5, 521
Let x(o) = 159*o**2 